 a prime number?
False
Is 155749961 a prime number?
False
Is 2338849 a prime number?
True
Is 280516373 composite?
False
Is 10927349 composite?
False
Is 14146043 composite?
True
Is 3478127 prime?
True
Is 2683427 prime?
False
Is 85177591 a prime number?
True
Is 201682589 composite?
True
Is 137005109 prime?
True
Is 19499569 a composite number?
False
Is 514219 composite?
False
Is 15529351 prime?
True
Is 28045399 prime?
False
Is 16790369 a composite number?
False
Is 457683935 prime?
False
Is 12461621 composite?
True
Is 972787 a composite number?
False
Is 50116601 a composite number?
False
Is 52864667 a composite number?
True
Is 3182237 a prime number?
True
Is 22819079 prime?
True
Is 135176617 composite?
False
Is 43149413 a prime number?
True
Is 262239533 a prime number?
True
Is 15362153 composite?
True
Is 2103901 a composite number?
False
Is 44049487 a prime number?
True
Is 3049841 a prime number?
True
Is 86273413 prime?
False
Is 1481663 a prime number?
True
Is 18301187 a prime number?
False
Is 1818967 composite?
True
Is 648031 a composite number?
True
Is 65368781 a composite number?
True
Is 20865607 a prime number?
False
Is 688837 composite?
True
Is 4258327 prime?
False
Is 54193457 a prime number?
True
Is 68830171 a composite number?
False
Is 217921907 prime?
False
Is 1851977 composite?
True
Is 3018919 a composite number?
False
Is 74892457 a composite number?
False
Is 2061491 prime?
True
Is 272287 composite?
False
Is 1013161 a composite number?
True
Is 84035734 composite?
True
Is 216377 prime?
False
Is 3773623 a prime number?
False
Is 11918281 composite?
True
Is 166994207 a composite number?
False
Is 7543901 a prime number?
True
Is 2179185197 composite?
True
Is 4513661 composite?
False
Is 25835021 prime?
True
Is 651043 a prime number?
True
Is 17622377 prime?
False
Is 6661778 a composite number?
True
Is 2618503 prime?
False
Is 962303 a composite number?
False
Is 7047947 a composite number?
False
Is 12322691 a composite number?
False
Is 16491701 prime?
False
Is 111550289 composite?
False
Is 210725467 a composite number?
False
Is 57968762 a composite number?
True
Is 138389599 prime?
True
Is 55227839 prime?
False
Is 29666837 composite?
False
Is 18427661 prime?
False
Is 49021939 composite?
False
Is 94997063 a prime number?
False
Is 7182203 a composite number?
True
Is 64902809 a prime number?
False
Is 6328643 composite?
False
Is 10979455 composite?
True
Is 50967457 a prime number?
True
Is 850301 a prime number?
True
Is 12050417 a composite number?
False
Is 1376003 prime?
True
Is 262847477 a prime number?
True
Is 28761371 prime?
True
Is 18806077 prime?
True
Is 5290073 composite?
True
Is 1098953 prime?
True
Is 3369727 prime?
True
Is 861998 a prime number?
False
Is 2630983 prime?
False
Is 145819 a composite number?
False
Is 729683 a composite number?
True
Is 8571749 composite?
True
Is 66179441 prime?
False
Is 38934319 prime?
True
Is 1429135 a composite number?
True
Is 54383057 a composite number?
False
Is 13536953 composite?
True
Is 17809969 a prime number?
False
Is 1933199 composite?
False
Is 45352339 a composite number?
False
Is 169881637 a prime number?
True
Is 47887 a prime number?
False
Is 21397879 a composite number?
False
Is 72885569 composite?
True
Is 11378641 composite?
False
Is 1355021 a prime number?
True
Is 5677121 a composite number?
False
Is 42270377 a composite number?
True
Is 21793091 a composite number?
False
Is 6931097 a prime number?
True
Is 1810271 composite?
False
Is 18607051 a composite number?
False
Is 408393523 a composite number?
True
Is 3692693 a composite number?
True
Is 38699657 prime?
True
Is 99127222 a composite number?
True
Is 10492141 a composite number?
True
Is 9216137 a prime number?
False
Is 240341 composite?
False
Is 33701143 a prime number?
False
Is 104376709 composite?
True
Is 15297635 composite?
True
Is 17315462 a prime number?
False
Is 27883 a composite number?
False
Is 301577 a prime number?
True
Is 88111259 a composite number?
False
Is 717967 a prime number?
True
Is 1818977 composite?
False
Is 558037 a prime number?
False
Is 7823401 a composite number?
True
Is 506727187 composite?
False
Is 3936503 prime?
False
Is 1316573 a prime number?
False
Is 1286557 a composite number?
False
Is 33523753 a composite number?
True
Is 26648971 a composite number?
True
Is 178169 composite?
False
Is 296104097 a prime number?
True
Is 85789477 a prime number?
True
Is 984457 composite?
False
Is 1589183 a prime number?
True
Is 483667163 prime?
False
Is 3479423 composite?
False
Is 34698311 a composite number?
False
Is 14979 prime?
False
Is 22138733 a composite number?
False
Is 191617042 prime?
False
Is 69600607 a composite number?
True
Is 1341526 prime?
False
Is 506791 a prime number?
True
Is 16404449 composite?
False
Is 24779581 prime?
True
Is 543033989 a prime number?
True
Is 3306023 a composite number?
True
Is 12933533 prime?
False
Is 161323 a prime number?
True
Is 7394423 a composite number?
True
Is 1060319 composite?
True
Is 14135237 a composite number?
False
Is 127579 a composite number?
False
Is 2314369 a prime number?
True
Is 2949187 a composite number?
True
Is 1771087 composite?
False
Is 512387477 prime?
False
Is 892735447 a prime number?
True
Is 1633447 a composite number?
False
Is 91623431 composite?
False
Is 27399719 a prime number?
True
Is 4729367 a composite number?
False
Is 658519 prime?
False
Is 6640393 composite?
False
Is 123533471 prime?
True
Is 3010159 composite?
True
Is 1152227 a prime number?
True
Is 546859 composite?
False
Is 334105181 composite?
False
Is 1018603 prime?
False
Is 25446683 a composite number?
False
Is 10147934 a composite number?
True
Is 579976337 a prime number?
True
Is 2962517267 a prime number?
True
Is 209972663 composite?
False
Is 3336209 a prime number?
True
Is 18057419 a composite number?
False
Is 1184401 a prime number?
False
Is 4640243 prime?
False
Is 267676753 a composite number?
True
Is 12554215 prime?
False
Is 2322721 a composite number?
True
Is 10158437 composite?
False
Is 20815051 a composite number?
True
Is 262592333 a prime number?
True
Is 5195669 a composite number?
True
Is 154938793 composite?
True
Is 27301427 prime?
True
Is 44335315 a composite number?
True
Is 7688743 a prime number?
False
Is 2556331 a prime number?
True
Is 573317 prime?
True
Is 500459455 a prime number?
False
Is 894308845 composite?
True
Is 4102957 a prime number?
True
Is 617431 prime?
False
Is 65917073 prime?
True
Is 17590921 composite?
True
Is 121997237 a prime number?
True
Is 1113289 prime?
False
Is 6206531 a prime number?
True
Is 1161781 composite?
False
Is 39940169 a composite number?
True
Is 8360881 composite?
True
Is 92233571 composite?
False
Is 496301 prime?
False
Is 1124873 prime?
False
Is 58210039 composite?
False
Is 6640349 composite?
False
Is 38355137 a composite number?
False
Is 55151885 a prime number?
False
Is 97647521 a composite number?
False
Is 89709989 prime?
True
Is 102496679 a composite number?
True
Is 5058061 a prime number?
False
Is 79325459 prime?
False
Is 29321857 a prime number?
True
Is 8194345 a composite number?
True
Is 11988737 a composite number?
False
Is 8569259 a prime number?
False
Is 104290267 composite?
True
Is 5652487 prime?
False
Is 58675711 composite?
False
Is 4079833 composite?
True
Is 18321991 composite?
False
Is 5775387 composite?
True
Is 128104381 composite?
False
Is 1608011 prime?
False
Is 695591 a prime number?
False
Is 9243731 composite?
True
Is 8325523 a composite number?
True
Is 4441249 a composite number?
True
Is 1854161 a composite number?
True
Is 40751903 a composite number?
True
Is 8654397 composite?
True
Is 12328157 a composite number?
False
Is 159112717 a composite number?
True
Is 320377 prime?
True
Is 10336533 a composite number?
True
Is 25470917 a prime number?
True
Is 104942351 composite?
False
Is 1591867 a composite number?
True
Is 20436587 a composite number?
True
Is 239229391 composite?
False
Is 10842382 composite?
True
Is 10111663 a prime number?
True
Is 5255881 a composite number?
True
Is 17972099 a composite number?
False
Is 5293313 a composite number?
False
Is 365061 composite?
True
Is 113843539 composite?
True
Is 1159181 a prime number?
False
Is 19442585 a prime number?
False
Is 173631151 prime?
False
Is 22443517 a composite number?
True
Is 95366934